{"id":270,"date":"2025-12-16T20:48:32","date_gmt":"2025-12-16T19:48:32","guid":{"rendered":"https:\/\/singkreis91-fronhausen.de\/?page_id=270"},"modified":"2025-12-20T15:27:32","modified_gmt":"2025-12-20T14:27:32","slug":"verein","status":"publish","type":"page","link":"https:\/\/singkreis91-fronhausen.de\/","title":{"rendered":"Verein"},"content":{"rendered":"\n<p><strong>Entstehungsgeschichte&nbsp;<\/strong>&nbsp;<\/p>\n\n\n\n<p>Der Singkreis \u201991 Fronhausen entstand 1991 aus einem Projektchor, den der damalige Chorleiter des MGV 1873 Fronhausen Andre Kutsch ins Leben gerufen hatte. Nach der Aufl\u00f6sung des Projektchores trafen sich 5 S\u00e4ngerinnen weiter, um gemeinsam zu singen.<\/p>\n\n\n\n<hr class=\"wp-block-separator has-alpha-channel-opacity\" id=\"system-readmore\"\/>\n\n\n\n<p>Die Singstunden fanden 14-t\u00e4gig in privaten R\u00e4umen bei Christel Bork statt, wobei die S\u00e4ngerin Gabi Giebeler (Fronhausen) die Chorleitung \u00fcbernahm. Ihr folgten Corinna Gottsmann (Fronhausen), Swetlana Debus (Bad Endbach) und Kirsten Littmann (Fronhausen) nach. Im September 1997 \u00fcbernahm Simone M\u00fcckstein (Lich) die Chorleitung, die sie dann im Oktober 2006 an Daniel Kaiser aus Odenhausen \u00fcbergab. Im M\u00e4rz 2011 gab Daniel Kaiser aus beruflichen Gr\u00fcnden die Chorleitung an Jaqueline Herrmann ab. Ab 1. Juni 2013 hat er den Chor wieder \u00fcbernommen.<\/p>\n\n\n\n<p>Im Januar 2014 \u00e4nderte der Vorstand den urspr\u00fcnglichen Namen \u201eFrauensingkreis 1991 Fronhausen\u201c in \u201eSingkreis \u201991 Fronhausen\u201c.<\/p>\n\n\n\n<div style=\"height:100px\" aria-hidden=\"true\" class=\"wp-block-spacer\"><\/div>\n\n\n\n<h2 class=\"wp-block-heading\">Entwicklung<\/h2>\n\n\n\n<p>Seit Jahren treffen sich die S\u00e4ngerinnen des Sinkreises &#8217;91 Fronhausen nunmehr jeden Montag von 20.00 bis 21.30 Uhr im kleinen Gruppenraum des B\u00fcrgerhauses Fronhausen. Die Anzahl der S\u00e4ngerinnen hat sich langsam, aber stetig positiv entwickelt und stieg von 5 S\u00e4ngerinnen in 1991 auf nunmehr \u00fcber 30 S\u00e4ngerinnen. Hierbei hat sich die Bildung von Projektch\u00f6ren zum Mittelhessischen Kultursommer in 2012 und f\u00fcr ein Benefizkonzert in 2014 sehr positiv ausgewirkt. Wir freuen uns \u00fcber jede neue S\u00e4ngerin, jede ist herzlich willkommen, egal ob aus Fronhausen, den Ortsteilen oder aus den Nachbargemeinden. Alle Altersgruppen sind vertreten und machen engagiert mit.<\/p>\n\n\n\n<p>Wir sind ein reiner Frauenchor. Dies h\u00e4lt uns aber nicht davon ab, bei entsprechenden Anl\u00e4ssen mit M\u00e4nnern in einem Projektchor gemischt zu singen (z.B. Konzert im Burghof 2013)<\/p>\n\n\n\n<p>Wir legen Wert auf ein breites und anspruchsvolles Repertoire und singen Schlager, Chansons, Evergreens und klassische Chors\u00e4tze. Hierbei ist es egal, ob wir in deutsch oder in einer anderen Sprache singen.<\/p>\n\n\n\n<p>Ganz wichtig ist uns, dass das gemeinsame Singen Spa\u00df macht.<\/p>\n\n\n\n<p>Haben wir Dein Interesse geweckt? Dann komm einfach vorbei, sprich uns an. Der Mitgliedsbeitrag betr\u00e4gt f\u00fcr aktive S\u00e4ngerinnen 10 Euro monatlich, in besonderen F\u00e4llen 5 Euro monatlich, f\u00fcr f\u00f6rdernde Mitglieder (zur Zeit 3) mindestens 1 Euro monatlich.&nbsp;<\/p>\n\n\n\n<p>Auf unserer Seite <a href=\"https:\/\/singkreis91-fronhausen.de\/rueckblicke\/\" data-type=\"page\" data-id=\"278\">R\u00fcckblicke<\/a> habe wir unsere Auftritte der letzten Jahre gelistet. Im Juni 2016 beteiligten wir uns am Sommerkonzert des Neuen Chores Argenstein in der Kirche in Niederwalgern. Ein H\u00f6hepunkt war unser 25-j\u00e4hriges Jubil\u00e4um, das wir am 6. November 2016 mit dem Arbeitergesangverein Liederkranz Heuchelheim, dem Neuen Chor Argenstein und Karsten Knorre am Klavier im voll besetzten B\u00fcrgerhaus Fronhausen feierten. Am 13. Januar 2017 nahmen wir auf Einladung des Magistrates der Stadt Neustadt und der ev. Kirchengemeinde Neustadt erfolgreich am dortigen Neujahrskonzert teil.<\/p>\n\n\n\n<p>In den Jahren davor waren die Auftritte beim Kultursommer Mittelhessen 2012, in der Gie\u00dfener Kongresshalle beim Weihnachtsnachmittag am 15. Dezember 2012, in 2013 das Konzert im Burghof, das Neujahrskonzert in der ev. Kirche am 19. Januar 2014, im April 2014 ein Konzert in der Krebsstation des Klinikums in Marburg und das Benefizkonzert am 19. Oktober 2014 zugunsten der Kindertagesst\u00e4tte \u201eKr\u00fcmelkiste\u201c in Fronhausen H\u00f6hepunkte unseres Chores. Hierzu z\u00e4hlen auch das im Burghof geplante, aber aus Witterungssgr\u00fcnden kurzfristig in die ev. Kirche verlegte &nbsp;Sommerkonzert am &nbsp;19. Juli 2015 sowie das Neujahrskonzert am 24. Januar 2016 in der kath. Heilig-Kreuz-Kirche.<\/p>\n\n\n\n<p>Der Singkreis gr\u00fcndete im Januar 2010 den Kinderchor Neue T\u00f6ne.gegr\u00fcndet. Leider ging die Beteiligung der Kinder sehr zur\u00fcck, so dass ein Chorgesang nicht mehr m\u00f6glich war. Der letzte Auftritt war beim Benefizkonzert f\u00fcr die Kita Kr\u00fcmelkiste. Der Singkreis 91 richtet gerne wieder einen Kinderchor ein, wenn mindestens 10 Kinder Spa\u00df am regelm\u00e4\u00dfigen Chorsingen bekunden<\/p>\n\n\n\n<p><\/p>\n","protected":false},"excerpt":{"rendered":"<p>Entstehungsgeschichte&nbsp;&nbsp; Der Singkreis \u201991 Fronhausen entstand 1991 aus einem Projektchor, den der damalige Chorleiter des MGV 1873 Fronhausen Andre Kutsch ins Leben gerufen hatte. Nach der Aufl\u00f6sung des Projektchores trafen sich 5 S\u00e4ngerinnen weiter, um gemeinsam zu singen. Die Singstunden fanden 14-t\u00e4gig in privaten R\u00e4umen bei Christel Bork statt, wobei die S\u00e4ngerin Gabi Giebeler (Fronhausen) &#8230; <a title=\"Verein\" class=\"read-more\" href=\"https:\/\/singkreis91-fronhausen.de\/\" aria-label=\"Mehr Informationen \u00fcber Verein\">Weiterlesen<\/a><\/p>\n","protected":false},"author":2,"featured_media":0,"parent":0,"menu_order":0,"comment_status":"closed","ping_status":"closed","template":"","meta":{"footnotes":""},"class_list":["post-270","page","type-page","status-publish"],"_links":{"self":[{"href":"https:\/\/singkreis91-fronhausen.de\/index.php?rest_route=\/wp\/v2\/pages\/270","targetHints":{"allow":["GET"]}}],"collection":[{"href":"https:\/\/singkreis91-fronhausen.de\/index.php?rest_route=\/wp\/v2\/pages"}],"about":[{"href":"https:\/\/singkreis91-fronhausen.de\/index.php?rest_route=\/wp\/v2\/types\/page"}],"author":[{"embeddable":true,"href":"https:\/\/singkreis91-fronhausen.de\/index.php?rest_route=\/wp\/v2\/users\/2"}],"replies":[{"embeddable":true,"href":"https:\/\/singkreis91-fronhausen.de\/index.php?rest_route=%2Fwp%2Fv2%2Fcomments&post=270"}],"version-history":[{"count":6,"href":"https:\/\/singkreis91-fronhausen.de\/index.php?rest_route=\/wp\/v2\/pages\/270\/revisions"}],"predecessor-version":[{"id":332,"href":"https:\/\/singkreis91-fronhausen.de\/index.php?rest_route=\/wp\/v2\/pages\/270\/revisions\/332"}],"wp:attachment":[{"href":"https:\/\/singkreis91-fronhausen.de\/index.php?rest_route=%2Fwp%2Fv2%2Fmedia&parent=270"}],"curies":[{"name":"wp","href":"https:\/\/api.w.org\/{rel}","templated":true}]}}